19207 a prime number?
False
Is 1055225939 a prime number?
True
Is 990348767 prime?
False
Is 21396566047 prime?
False
Is 1008727177 a prime number?
True
Is 3785921933 composite?
True
Is 741192967 prime?
True
Is 107954138647 a composite number?
True
Is 37892352191 a prime number?
True
Is 761774089 prime?
True
Is 2741741669 prime?
False
Is 1642735873 a prime number?
False
Is 27337019 prime?
True
Is 25283317 a composite number?
False
Is 1067142323 a prime number?
False
Is 5047642001 prime?
False
Is 351609442 a prime number?
False
Is 47714303401 a composite number?
True
Is 9146308917 prime?
False
Is 886344614 prime?
False
Is 30994565711 composite?
True
Is 519321137 composite?
False
Is 1652122477 composite?
True
Is 173872620407 prime?
False
Is 7898627221 a composite number?
True
Is 4905449239 prime?
True
Is 21645325789 prime?
True
Is 2670411469 prime?
False
Is 27735681341 a prime number?
False
Is 117792061 prime?
False
Is 119701546981 composite?
False
Is 69320632169 a composite number?
False
Is 1190109797 prime?
True
Is 31279459139 composite?
False
Is 12616337131 prime?
False
Is 614997457 composite?
True
Is 992158883 composite?
False
Is 44122574387 composite?
False
Is 629391101 a composite number?
False
Is 487264837 prime?
False
Is 1822719253 a prime number?
False
Is 15913973461 composite?
False
Is 3405921347 prime?
False
Is 1100857291 a composite number?
False
Is 23562232147 composite?
False
Is 784526243 prime?
True
Is 6026790983 a composite number?
False
Is 8230064671 a composite number?
False
Is 1607701297 a composite number?
True
Is 88827199645 prime?
False
Is 4804081097 composite?
True
Is 5962206149 composite?
True
Is 4618727605 prime?
False
Is 2095489471 composite?
False
Is 3144175807 prime?
True
Is 5823819011 prime?
False
Is 2904510719 composite?
True
Is 686507141 composite?
True
Is 5101919051 a composite number?
False
Is 1399749301 a composite number?
True
Is 921412007 composite?
True
Is 1131599221 composite?
True
Is 14414432237 prime?
True
Is 5458894267 a prime number?
False
Is 1010536069 prime?
True
Is 52332602081 prime?
False
Is 28185608662 prime?
False
Is 256251263 composite?
True
Is 3310276201 a composite number?
False
Is 946024879 prime?
True
Is 3633981763 composite?
True
Is 2255637119 composite?
False
Is 8291688077 composite?
False
Is 5188497403 composite?
False
Is 48447714787 composite?
True
Is 5619875953 a composite number?
False
Is 174756349 a composite number?
True
Is 16676829911 prime?
False
Is 4923871 a prime number?
False
Is 2312039033 a composite number?
True
Is 910270513 a prime number?
False
Is 300504301 a composite number?
True
Is 1640983399 a prime number?
False
Is 487284691 a composite number?
True
Is 98754269 prime?
True
Is 1049679517 composite?
False
Is 2746374326 composite?
True
Is 22040632807 prime?
True
Is 74124285341 prime?
True
Is 13061674579 a prime number?
False
Is 8062542721 a composite number?
False
Is 591952143 a prime number?
False
Is 16348130839 a prime number?
False
Is 4911395279 a composite number?
True
Is 8848719617 prime?
False
Is 6637945009 a composite number?
True
Is 2321735047 prime?
True
Is 14464090033 a composite number?
True
Is 1115029339 composite?
True
Is 213730486427 composite?
True
Is 385777943 composite?
True
Is 289342751 a composite number?
False
Is 723292417 prime?
True
Is 20656160471 a prime number?
False
Is 1799836177 a composite number?
True
Is 2856969547 a composite number?
True
Is 166320043 composite?
True
Is 1046951449 a composite number?
False
Is 9165737671 prime?
True
Is 78481901 prime?
True
Is 106100876669 a composite number?
True
Is 9353023177 composite?
False
Is 36584461 composite?
True
Is 28619852827 a prime number?
True
Is 1144723927 a composite number?
True
Is 5036005453 a prime number?
True
Is 18286616273 a prime number?
False
Is 2202563551 prime?
True
Is 144504895 composite?
True
Is 246905167 composite?
True
Is 6651331823 a composite number?
False
Is 925392983 prime?
True
Is 15779467631 a prime number?
True
Is 18306904279 a prime number?
True
Is 11919415993 a composite number?
False
Is 8315905261 prime?
False
Is 35076500461 a prime number?
False
Is 183937639 a composite number?
False
Is 112720639 composite?
False
Is 39091153 prime?
False
Is 296403179 a composite number?
False
Is 5311347334 composite?
True
Is 7661992951 a composite number?
False
Is 1298384797 a composite number?
True
Is 43112373091 prime?
False
Is 3446300201 a composite number?
True
Is 163069217 a prime number?
True
Is 11657252941 composite?
True
Is 64883867 a prime number?
True
Is 1881450157 composite?
True
Is 3522379195 a composite number?
True
Is 89344101547 prime?
True
Is 76040774759 prime?
True
Is 243001679 composite?
True
Is 16379504233 prime?
False
Is 60012233767 a composite number?
False
Is 10215211843 a composite number?
False
Is 1267598869 composite?
False
Is 16775359241 a prime number?
True
Is 17044906117 a prime number?
False
Is 3737862881 prime?
True
Is 1143547763 prime?
False
Is 3572386198 a composite number?
True
Is 485791219 prime?
True
Is 494227667 a composite number?
False
Is 85384412101 prime?
True
Is 2974397623 prime?
True
Is 1011892697 a composite number?
False
Is 4480304713 a prime number?
True
Is 3378213511 a composite number?
True
Is 1992197561 a prime number?
False
Is 201621691 a prime number?
False
Is 2590554391 composite?
True
Is 871732081 a prime number?
False
Is 95858361799 a prime number?
True
Is 1473478581 prime?
False
Is 622117651 a prime number?
True
Is 513514871 a prime number?
False
Is 1916547511 prime?
True
Is 42039121 composite?
True
Is 816801187 composite?
True
Is 1884912319 a composite number?
False
Is 2296632601 composite?
False
Is 2248325791 prime?
False
Is 20441191165 prime?
False
Is 97191091003 composite?
False
Is 14604227909 a prime number?
False
Is 8174071837 composite?
False
Is 154269659677 a prime number?
False
Is 122359101807 prime?
False
Is 1971335251 prime?
True
Is 7341325522 a prime number?
False
Is 4362793307 composite?
False
Is 9432606695 prime?
False
Is 696209813 composite?
True
Is 4334680279 a composite number?
False
Is 645546169 a prime number?
False
Is 575539633 a prime number?
True
Is 2394316037 a composite number?
True
Is 7054498621 a prime number?
False
Is 199061699 composite?
True
Is 38554466123 a prime number?
True
Is 612163481 a prime number?
False
Is 2536306207 prime?
False
Is 15975428515 a prime number?
False
Is 3292737926 composite?
True
Is 11245179991 prime?
True
Is 2467161973 a composite number?
False
Is 2876136553 a composite number?
False
Is 158015369 a prime number?
True
Is 1322231377 prime?
True
Is 48508754389 a prime number?
False
Is 555306329 a composite number?
False
Is 11928811178 prime?
False
Is 851836571 composite?
False
Is 69425483 a composite number?
False
Is 105771097 composite?
True
Is 30107099509 a prime number?
True
Is 12288147657 prime?
False
Is 12934391531 prime?
False
Is 20598035909 a prime number?
False
Is 102814763617 prime?
True
Is 4491558091 a prime number?
True
Is 38788385429 a prime number?
True
Is 309408251 a composite number?
True
Is 1136043031 a prime number?
False
Is 34534562269 a prime number?
True
Is 297773627 prime?
False
Is 200041379921 composite?
False
Is 2654377867 a composite number?
False
Is 187621691 a prime number?
True
Is 10587682747 a prime number?
False
Is 78085314059 prime?
True
Is 197749441 a prime number?
False
Is 91464940873 composite?
True
Is 81824309 composite?
True
Is 1446105121 prime?
False
Is 349177891 prime?
False
Is 2815749373 a prime number?
True
Is 10766294153 prime?
True
Is 7389698521 a prime number?
False
Is 3325214749 prime?
False
Is 8774800459 prime?
False
Is 67826593 composite?
True
Is 20142149 a composite number?
True
Is 40767925873 prime?
False
Is 16944621829 composite?
True
Is 26249463451 composite?
True
Is 10616820001 composite?
False
Is 1111702799 prime?
False
Is 1295732153 prime?
False
Is 138226503 composite?
True
Is 1525236767 composite?
True
Is 27728350583 a composite number?
False
Is 13107889673 a prime number?
False
Is 9127566727 a prime number?
True
Is 3324721571 prime?
True
Is 17024196737 a prime number?
True
Is 45711403 a composite number?
True
Is 72132532517 a prime number?
False
Is 4665030137 a prime number?
True
Is 577573565 composite?
True
Is 9487879361 composite